rue
Is 165759365143 a composite number?
False
Is 20828468231 composite?
False
Is 4031837809 a composite number?
False
Is 3928025639 a composite number?
True
Is 3686883679 a prime number?
False
Is 14342417939 prime?
True
Is 3598865989 prime?
True
Is 2051010755 composite?
True
Is 1619224429 a composite number?
False
Is 2498519093 prime?
False
Is 228053251 a prime number?
True
Is 2579664599 prime?
False
Is 346300663 a prime number?
True
Is 7882981433 composite?
False
Is 12094618139 a composite number?
False
Is 4059761 composite?
False
Is 8342203 prime?
True
Is 1088303813 a composite number?
True
Is 611043107 prime?
True
Is 3801666277 composite?
True
Is 74414937683 a prime number?
True
Is 552244493 prime?
False
Is 251835977 a prime number?
False
Is 1020550873 composite?
False
Is 9485461555 prime?
False
Is 8838462593 a composite number?
False
Is 776718941 composite?
True
Is 317857474743 a prime number?
False
Is 52991317499 prime?
True
Is 4679473853 prime?
False
Is 5180525783 a composite number?
True
Is 3040170851 a composite number?
False
Is 19425711217 prime?
False
Is 3190606663 a prime number?
False
Is 7167739877 a prime number?
False
Is 14915653043 a prime number?
False
Is 20343636197 a prime number?
False
Is 8274532979 a composite number?
False
Is 2385950297 a composite number?
False
Is 14925086653 a prime number?
False
Is 5664821977 composite?
False
Is 59106606613 a composite number?
False
Is 934178527 a composite number?
True
Is 210649093 a prime number?
True
Is 886044041 a prime number?
False
Is 448789241 prime?
True
Is 969498719 a prime number?
False
Is 19177363229 a composite number?
True
Is 8642126767 a composite number?
True
Is 2446641433 a prime number?
False
Is 16868273293 prime?
False
Is 491966521 composite?
True
Is 130686629441 a composite number?
True
Is 11364975698 prime?
False
Is 5798717053 a composite number?
False
Is 1064341189 a prime number?
True
Is 1166883253 prime?
True
Is 3612163391 prime?
True
Is 507083791 a prime number?
True
Is 39313523 composite?
True
Is 203580679 composite?
False
Is 268470131 a composite number?
True
Is 1676894497 composite?
False
Is 7990453987 a prime number?
True
Is 277201831 a prime number?
True
Is 26819318627 prime?
False
Is 99921438247 prime?
True
Is 75144966899 a prime number?
True
Is 4794700011 a composite number?
True
Is 3761739011 composite?
False
Is 187376249 prime?
True
Is 1010967541 composite?
False
Is 1298461141 a composite number?
False
Is 24221978953 prime?
True
Is 2227064741 a prime number?
False
Is 178263017 prime?
True
Is 34443807647 composite?
True
Is 1037260657 prime?
True
Is 18272374273 composite?
False
Is 14856389 prime?
True
Is 161433473 a composite number?
False
Is 3795091723 a prime number?
False
Is 118213213 a composite number?
False
Is 66070691 a composite number?
True
Is 35495769437 a composite number?
False
Is 307165811 prime?
True
Is 15906099301 a composite number?
False
Is 555691033 prime?
True
Is 3018893081 composite?
True
Is 50589593 prime?
True
Is 20399744359 a prime number?
True
Is 2467743697 composite?
False
Is 10681701203 a prime number?
True
Is 4705886767 a composite number?
False
Is 936993053 a prime number?
True
Is 1017601519 prime?
False
Is 73814686553 a composite number?
False
Is 1174420517 a prime number?
False
Is 1453681391 a composite number?
True
Is 2806377053 a prime number?
True
Is 3520085087 a prime number?
True
Is 269263013 prime?
False
Is 41368925779 a prime number?
True
Is 34432329787 prime?
True
Is 720865289 a composite number?
True
Is 167208697 a prime number?
False
Is 800752991 a composite number?
True
Is 74927633953 a prime number?
True
Is 1807810289 prime?
True
Is 3452917997 composite?
True
Is 142530847 a composite number?
False
Is 22558497527 a composite number?
False
Is 39575213759 composite?
False
Is 88465747189 a composite number?
True
Is 26537239767 prime?
False
Is 104684994913 a prime number?
False
Is 731790713 a prime number?
True
Is 3817979197 composite?
False
Is 3205069807 a composite number?
True
Is 16728856297 composite?
False
Is 53000960003 a composite number?
False
Is 1330029383 a composite number?
True
Is 28467276217 a prime number?
True
Is 241224675971 prime?
False
Is 10393245059 composite?
True
Is 3274703899 a prime number?
False
Is 4125730783 a prime number?
True
Is 5877781999 a composite number?
True
Is 6922935599 a composite number?
True
Is 1719228727 a prime number?
True
Is 336047429 a composite number?
False
Is 489942121 a composite number?
True
Is 8870413339 a composite number?
True
Is 51538679369 prime?
False
Is 47263703599 a composite number?
True
Is 1540703755 prime?
False
Is 5801469451 composite?
True
Is 4193617099 a prime number?
False
Is 993350467 prime?
True
Is 11695846249 composite?
False
Is 407743801 composite?
False
Is 549612709 a prime number?
False
Is 241796197 prime?
True
Is 36888171923 composite?
True
Is 5469362263 composite?
True
Is 43262648371 composite?
False
Is 13462669889 composite?
False
Is 4125634999 a composite number?
False
Is 18293014423 composite?
True
Is 1238750393 a prime number?
True
Is 26242959149 a composite number?
True
Is 39460016177 a composite number?
True
Is 734711123 a composite number?
False
Is 11926523261 composite?
True
Is 256632653 a prime number?
False
Is 15234808709 a composite number?
False
Is 85525555265 a composite number?
True
Is 10695244107 a composite number?
True
Is 16468994305 a composite number?
True
Is 764484677 prime?
False
Is 6959594359 a composite number?
True
Is 20555458247 a composite number?
True
Is 74555273557 composite?
False
Is 4068206741 a composite number?
False
Is 14994170491 prime?
True
Is 8838595877 a prime number?
False
Is 1075739417 composite?
True
Is 139835042771 a composite number?
False
Is 17898364543 a prime number?
True
Is 7135156679 composite?
True
Is 6441196627 prime?
False
Is 2231375767 composite?
True
Is 592031213 prime?
True
Is 718386937 composite?
True
Is 3095875883 a prime number?
True
Is 129743270279 prime?
False
Is 1586910473 composite?
True
Is 13923797123 a prime number?
True
Is 213106553 a composite number?
True
Is 175843799 prime?
True
Is 2814872077 composite?
False
Is 17551185843 composite?
True
Is 9998745203 prime?
False
Is 3669278353 composite?
True
Is 46014977617 prime?
False
Is 510532801 composite?
False
Is 1138425137 a prime number?
True
Is 168706381 a composite number?
True
Is 61309485077 a prime number?
False
Is 3417685379 prime?
True
Is 852157871 a prime number?
True
Is 8302239559 a prime number?
False
Is 24878100361 composite?
True
Is 64694005169 prime?
True
Is 237547262 prime?
False
Is 4088488249 a composite number?
True
Is 1937166277 a prime number?
False
Is 5206555873 composite?
False
Is 221640703 prime?
False
Is 2415972283 prime?
False
Is 8103155453 a prime number?
True
Is 3957256318 a composite number?
True
Is 2648371751 composite?
True
Is 13358846513 prime?
True
Is 13960187137 composite?
True
Is 18834800819 a prime number?
True
Is 12826807537 a prime number?
False
Is 199114763 a prime number?
False
Is 26187291931 composite?
True
Is 1577114507 composite?
True
Is 19634324089 prime?
False
Is 5159599987 a composite number?
True
Is 7883326531 a composite number?
False
Is 20949039187 a composite number?
False
Is 16165570721 prime?
True
Is 204046320553 a composite number?
False
Is 370647187 a composite number?
False
Is 3658876733 a composite number?
True
Is 22588829903 prime?
False
Is 464316907 prime?
True
Is 4762042937 a prime number?
True
Is 137541631333 a prime number?
False
Is 2660477879 composite?
True
Is 44880255821 a prime number?
True
Is 684204463 a prime number?
True
Is 6109261189 composite?
False
Is 3500742809 a prime number?
True
Is 3598819891 prime?
False
Is 1774439483 composite?
False
Is 2374038463 composite?
False
Is 1082271599 composite?
False
Is 77469960691 composite?
False
Is 14811732449 a composite number?
False
Is 24355660463 a prime number?
True
Is 53162985521 a composite number?
False
Is 175776053 a composite number?
True
Is 549719531 prime?
False
Is 5973638129 a composite number?
True
Is 355142209 composite?
True
Is 80147769529 prime?
False
Is 472855057 prime?
True
Is 180043579 a prime number?
False
Is 2038261061 a prime number?
True
Is 1200050461 a prime number?
False
Is 749258897 composite?
False
Is 3627